{"id":4325,"date":"2012-09-12T17:08:09","date_gmt":"2012-09-12T15:08:09","guid":{"rendered":"http:\/\/www.lab25.ch\/?page_id=4325"},"modified":"2015-09-01T16:46:49","modified_gmt":"2015-09-01T14:46:49","slug":"about","status":"publish","type":"page","link":"https:\/\/www.lab25.ch\/?page_id=4325","title":{"rendered":"About"},"content":{"rendered":"<p>Liebe BesucherInnen, willkommen auf unserer Webseite.<\/p>\n<p>Lab25, Laboratory of Design, wurde als Freiraum f\u00fcr kreative Auseinandersetzung mit allen Formen von Gestaltung gegr\u00fcndet und hiess zuerst Studio25.<\/p>\n<p>Dank unseren vielf\u00e4ltigen Interessen und der Verschiedenheit der Art der Auftr\u00e4ge, z\u00e4hlen wir heute auf eine Palette von Arbeiten aus Wissenschaft, Technik und Kunst.<\/p>\n<p>Wir sind \u00fcberzeugt, dass gutes Design nicht ohne Leidenschaft, Intelligenz und pers\u00f6nlichem Engagement passieren kann.<\/p>\n<p>Viel Spass beim Durchsehen<\/p>\n<p>Isabelle Gargiulo &amp; Hans-Christian Wepfer<\/p>\n<p>&nbsp;<\/p>\n","protected":false},"excerpt":{"rendered":"<p>Liebe BesucherInnen, willkommen auf unserer Webseite. Lab25, Laboratory of Design, wurde als Freiraum f\u00fcr kreative Auseinandersetzung mit allen Formen von Gestaltung gegr\u00fcndet und hiess zuerst Studio25. Dank unseren vielf\u00e4ltigen Interessen und der Verschiedenheit der Art der Auftr\u00e4ge, z\u00e4hlen wir heute auf eine Palette von Arbeiten aus Wissenschaft, Technik und Kunst. Wir sind \u00fcberzeugt, dass gutes [&hellip;]<\/p>\n","protected":false},"author":20,"featured_media":0,"parent":0,"menu_order":0,"comment_status":"closed","ping_status":"closed","template":"","meta":{"ngg_post_thumbnail":0,"footnotes":""},"class_list":["post-4325","page","type-page","status-publish","hentry"],"_links":{"self":[{"href":"https:\/\/www.lab25.ch\/index.php?rest_route=\/wp\/v2\/pages\/4325","targetHints":{"allow":["GET"]}}],"collection":[{"href":"https:\/\/www.lab25.ch\/index.php?rest_route=\/wp\/v2\/pages"}],"about":[{"href":"https:\/\/www.lab25.ch\/index.php?rest_route=\/wp\/v2\/types\/page"}],"author":[{"embeddable":true,"href":"https:\/\/www.lab25.ch\/index.php?rest_route=\/wp\/v2\/users\/20"}],"replies":[{"embeddable":true,"href":"https:\/\/www.lab25.ch\/index.php?rest_route=%2Fwp%2Fv2%2Fcomments&post=4325"}],"version-history":[{"count":22,"href":"https:\/\/www.lab25.ch\/index.php?rest_route=\/wp\/v2\/pages\/4325\/revisions"}],"predecessor-version":[{"id":6205,"href":"https:\/\/www.lab25.ch\/index.php?rest_route=\/wp\/v2\/pages\/4325\/revisions\/6205"}],"wp:attachment":[{"href":"https:\/\/www.lab25.ch\/index.php?rest_route=%2Fwp%2Fv2%2Fmedia&parent=4325"}],"curies":[{"name":"wp","href":"https:\/\/api.w.org\/{rel}","templated":true}]}}