{"id":4521,"date":"2012-09-17T17:29:38","date_gmt":"2012-09-17T15:29:38","guid":{"rendered":"http:\/\/www.lab25.ch\/?page_id=4521"},"modified":"2012-09-17T19:10:57","modified_gmt":"2012-09-17T17:10:57","slug":"impressum","status":"publish","type":"page","link":"https:\/\/www.lab25.ch\/?page_id=4521","title":{"rendered":"Impressum:"},"content":{"rendered":"<p>F\u00fcr die Redaktion dieser Webseite<br \/>\nsind verantwortlich:<br \/>\nGargiulo &amp; Wepfer<br \/>\nLab25, Laboratory of Design<br \/>\nR\u00e4ffelstrasse 25, 8045 Z\u00fcrich<\/p>\n<p>www.lab25.ch<\/p>\n<p>An dieser Webseite haben mitgearbeitet:<br \/>\nIsabelle Gargiulo<br \/>\nJonas Sourlier<br \/>\nArto Steiner<br \/>\nHans-Christian Wepfer<\/p>\n","protected":false},"excerpt":{"rendered":"<p>F\u00fcr die Redaktion dieser Webseite sind verantwortlich: Gargiulo &amp; Wepfer Lab25, Laboratory of Design R\u00e4ffelstrasse 25, 8045 Z\u00fcrich www.lab25.ch An dieser Webseite haben mitgearbeitet: Isabelle Gargiulo Jonas Sourlier Arto Steiner Hans-Christian Wepfer<\/p>\n","protected":false},"author":20,"featured_media":0,"parent":0,"menu_order":0,"comment_status":"closed","ping_status":"closed","template":"","meta":{"ngg_post_thumbnail":0,"footnotes":""},"class_list":["post-4521","page","type-page","status-publish","hentry"],"_links":{"self":[{"href":"https:\/\/www.lab25.ch\/index.php?rest_route=\/wp\/v2\/pages\/4521","targetHints":{"allow":["GET"]}}],"collection":[{"href":"https:\/\/www.lab25.ch\/index.php?rest_route=\/wp\/v2\/pages"}],"about":[{"href":"https:\/\/www.lab25.ch\/index.php?rest_route=\/wp\/v2\/types\/page"}],"author":[{"embeddable":true,"href":"https:\/\/www.lab25.ch\/index.php?rest_route=\/wp\/v2\/users\/20"}],"replies":[{"embeddable":true,"href":"https:\/\/www.lab25.ch\/index.php?rest_route=%2Fwp%2Fv2%2Fcomments&post=4521"}],"version-history":[{"count":7,"href":"https:\/\/www.lab25.ch\/index.php?rest_route=\/wp\/v2\/pages\/4521\/revisions"}],"predecessor-version":[{"id":4537,"href":"https:\/\/www.lab25.ch\/index.php?rest_route=\/wp\/v2\/pages\/4521\/revisions\/4537"}],"wp:attachment":[{"href":"https:\/\/www.lab25.ch\/index.php?rest_route=%2Fwp%2Fv2%2Fmedia&parent=4521"}],"curies":[{"name":"wp","href":"https:\/\/api.w.org\/{rel}","templated":true}]}}